{"id":56,"date":"2022-10-07T19:52:48","date_gmt":"2022-10-07T19:52:48","guid":{"rendered":"https:\/\/www.wilchinger-handel.ch\/?page_id=56"},"modified":"2024-11-30T18:40:58","modified_gmt":"2024-11-30T18:40:58","slug":"ueber-uns","status":"publish","type":"page","link":"https:\/\/www.wilchinger-handel.ch\/?page_id=56","title":{"rendered":"\u00dcber uns"},"content":{"rendered":"\n<p style=\"font-size:15px\">Der Gedanke, dieses Freilichtspiel aus dem Jahr 2005 nach 20 Jahren wieder aufzuf\u00fchren, spukte schon l\u00e4nger in ein paar K\u00f6pfen herum. Am 19. September 2023 hat sich nun eine Gruppe von sechs Personen \u2013 das OK Wilchinger-Handel \u2013 zusammengesetzt und beschlossen, die Sache an die Hand zu nehmen und die Idee zu verwirklichen!<\/p>\n\n\n\n<div class=\"wp-block-media-text alignwide has-media-on-the-right is-stacked-on-mobile is-vertically-aligned-center has-contrast-3-background-color has-background\" style=\"grid-template-columns:auto 35%\"><div class=\"wp-block-media-text__content\">\n<div class=\"wp-block-group\" style=\"padding-top:2em;padding-right:2em;padding-bottom:2em;padding-left:2em\"><div class=\"wp-block-group__inner-container is-layout-flow wp-block-group-is-layout-flow\">\n<p style=\"font-size:15px;line-height:1.2\"><em>&#171;Mein Name ist Jakob Wanner und ich habe im OK das Pr\u00e4sidium inne. Mir macht Spass, mit so tollen Leuten im OK zusammen zu arbeiten und mit ihnen gemeinsam ein erlebnisreiches Festspiel f\u00fcr das Dorf Wilchingen und die Festspielbesucher zu erarbeiten.&#187;<\/em><\/p>\n\n\n\n<p style=\"font-size:15px\"><em><strong>\u2013 Jakob Wanner &#8211; OK Pr\u00e4sident<\/strong><\/em><\/p>\n<\/div><\/div>\n<\/div><figure class=\"wp-block-media-text__media\"><img loading=\"lazy\" decoding=\"async\" width=\"1024\" height=\"980\" src=\"https:\/\/www.wilchinger-handel.ch\/wp-content\/uploads\/2024\/07\/Koebi-Kopie-1024x980.png\" alt=\"\" class=\"wp-image-494 size-full\" srcset=\"https:\/\/www.wilchinger-handel.ch\/wp-content\/uploads\/2024\/07\/Koebi-Kopie-1024x980.png 1024w, https:\/\/www.wilchinger-handel.ch\/wp-content\/uploads\/2024\/07\/Koebi-Kopie-300x287.png 300w, https:\/\/www.wilchinger-handel.ch\/wp-content\/uploads\/2024\/07\/Koebi-Kopie-768x735.png 768w, https:\/\/www.wilchinger-handel.ch\/wp-content\/uploads\/2024\/07\/Koebi-Kopie-1536x1471.png 1536w, https:\/\/www.wilchinger-handel.ch\/wp-content\/uploads\/2024\/07\/Koebi-Kopie-2048x1961.png 2048w\" sizes=\"auto, (max-width: 1024px) 100vw, 1024px\" \/><\/figure><\/div>\n\n\n\n<div class=\"wp-block-media-text alignwide is-stacked-on-mobile is-vertically-aligned-center has-base-background-color has-background\" style=\"grid-template-columns:44% auto\"><figure class=\"wp-block-media-text__media\"><img loading=\"lazy\" decoding=\"async\" width=\"1024\" height=\"812\" src=\"https:\/\/www.wilchinger-handel.ch\/wp-content\/uploads\/2024\/07\/Rosmarie-Kopie-1024x812.png\" alt=\"\" class=\"wp-image-495 size-full\" srcset=\"https:\/\/www.wilchinger-handel.ch\/wp-content\/uploads\/2024\/07\/Rosmarie-Kopie-1024x812.png 1024w, https:\/\/www.wilchinger-handel.ch\/wp-content\/uploads\/2024\/07\/Rosmarie-Kopie-300x238.png 300w, https:\/\/www.wilchinger-handel.ch\/wp-content\/uploads\/2024\/07\/Rosmarie-Kopie-768x609.png 768w, https:\/\/www.wilchinger-handel.ch\/wp-content\/uploads\/2024\/07\/Rosmarie-Kopie-1536x1218.png 1536w, https:\/\/www.wilchinger-handel.ch\/wp-content\/uploads\/2024\/07\/Rosmarie-Kopie-2048x1624.png 2048w\" sizes=\"auto, (max-width: 1024px) 100vw, 1024px\" \/><\/figure><div class=\"wp-block-media-text__content\">\n<div class=\"wp-block-group\" style=\"padding-top:2em;padding-right:2em;padding-bottom:2em;padding-left:2em\"><div class=\"wp-block-group__inner-container is-layout-flow wp-block-group-is-layout-flow\">\n<p class=\"has-text-align-left\" style=\"font-size:15px;line-height:1.2\"><em>&#171;Ich bin Rosmarie Widmer Gysel und im OK zust\u00e4ndig f\u00fcr die \u00d6ffentlichkeitsarbeit und das Sponsoring. Das ist genau die gleiche Aufgabe, die ich bereits im damaligen OK Wilchinger Handel 2005 wahrgenommen hatte.<br><br>Das positive Feedback, das wir bis jetzt aus der Bev\u00f6lkerung und seitens Patronatsgeber erfahren durften, freut mich sehr und motiviert mich ausserordentlich f\u00fcr die kommenden Aufgaben.&#187;<\/em><\/p>\n\n\n\n<p style=\"font-size:15px\"><em><strong>\u2013 Rosmarie Widmer Gysel &#8211; \u00d6ffentlichkeitsarbeit &amp; Sponsoring<\/strong><\/em><\/p>\n<\/div><\/div>\n<\/div><\/div>\n\n\n\n<div class=\"wp-block-media-text alignwide has-media-on-the-right is-stacked-on-mobile is-vertically-aligned-center has-contrast-3-background-color has-background\" style=\"grid-template-columns:auto 49%\"><div class=\"wp-block-media-text__content\">\n<div class=\"wp-block-group\" style=\"padding-top:2em;padding-right:2em;padding-bottom:2em;padding-left:2em\"><div class=\"wp-block-group__inner-container is-layout-flow wp-block-group-is-layout-flow\">\n<p style=\"font-size:15px;line-height:1.2\"><em>&#171;Mit Kreativit\u00e4t, Freude und Humor werden wir den Wilchinger Handel in Co-Regie zur B\u00fchnenreife f\u00fchren. Wir freuen uns riesig auf das Freilichtspiel und die spannende und \u00e4usserst intensive Zeit mit unseren Darsteller\/innen. Das Resultat soll die Besucher\/innen aus dem Alltag entf\u00fchren, ber\u00fchren und begeistern.&#187;<\/em><\/p>\n\n\n\n<p style=\"font-size:15px\"><em>\u2013<strong> Edith Schneider &amp; Virginia Stoll &#8211; Regie<\/strong><\/em><\/p>\n<\/div><\/div>\n<\/div><figure class=\"wp-block-media-text__media\"><img loading=\"lazy\" decoding=\"async\" width=\"1024\" height=\"693\" src=\"https:\/\/www.wilchinger-handel.ch\/wp-content\/uploads\/2024\/07\/Edith-Gini-Kopie-1024x693.png\" alt=\"\" class=\"wp-image-496 size-full\" srcset=\"https:\/\/www.wilchinger-handel.ch\/wp-content\/uploads\/2024\/07\/Edith-Gini-Kopie-1024x693.png 1024w, https:\/\/www.wilchinger-handel.ch\/wp-content\/uploads\/2024\/07\/Edith-Gini-Kopie-300x203.png 300w, https:\/\/www.wilchinger-handel.ch\/wp-content\/uploads\/2024\/07\/Edith-Gini-Kopie-768x520.png 768w, https:\/\/www.wilchinger-handel.ch\/wp-content\/uploads\/2024\/07\/Edith-Gini-Kopie-1536x1040.png 1536w, https:\/\/www.wilchinger-handel.ch\/wp-content\/uploads\/2024\/07\/Edith-Gini-Kopie-2048x1387.png 2048w\" sizes=\"auto, (max-width: 1024px) 100vw, 1024px\" \/><\/figure><\/div>\n\n\n\n<div class=\"wp-block-media-text alignwide is-stacked-on-mobile is-vertically-aligned-center has-base-background-color has-background\" style=\"grid-template-columns:41% auto\"><figure class=\"wp-block-media-text__media\"><img loading=\"lazy\" decoding=\"async\" width=\"1024\" height=\"859\" src=\"https:\/\/www.wilchinger-handel.ch\/wp-content\/uploads\/2024\/07\/Diana-Kopie-1024x859.png\" alt=\"\" class=\"wp-image-497 size-full\" srcset=\"https:\/\/www.wilchinger-handel.ch\/wp-content\/uploads\/2024\/07\/Diana-Kopie-1024x859.png 1024w, https:\/\/www.wilchinger-handel.ch\/wp-content\/uploads\/2024\/07\/Diana-Kopie-300x252.png 300w, https:\/\/www.wilchinger-handel.ch\/wp-content\/uploads\/2024\/07\/Diana-Kopie-768x644.png 768w, https:\/\/www.wilchinger-handel.ch\/wp-content\/uploads\/2024\/07\/Diana-Kopie-1536x1289.png 1536w, https:\/\/www.wilchinger-handel.ch\/wp-content\/uploads\/2024\/07\/Diana-Kopie-2048x1718.png 2048w\" sizes=\"auto, (max-width: 1024px) 100vw, 1024px\" \/><\/figure><div class=\"wp-block-media-text__content\">\n<div class=\"wp-block-group\" style=\"padding-top:2em;padding-right:2em;padding-bottom:2em;padding-left:2em\"><div class=\"wp-block-group__inner-container is-layout-flow wp-block-group-is-layout-flow\">\n<p style=\"font-size:15px;line-height:1.2\"><em>&#171;Ich bin Diana H\u00e4fliger und im OK f\u00fcr die Finanzen zust\u00e4ndig. Als Wilchingerin freut es mich sehr, wenn alte Geschichten wie der Wilchinger Handel in einem Freilichttheater aufgef\u00fchrt werden. So musste ich nicht lange \u00fcberlegen im OK mitzuwirken und bin motiviert meine Aufgaben gewissenhaft auszuf\u00fchren.&#187;<\/em><\/p>\n\n\n\n<p style=\"font-size:15px\"><em>\u2013 <strong>Diana H\u00e4fliger &#8211; Finanzen<\/strong><\/em><\/p>\n<\/div><\/div>\n<\/div><\/div>\n\n\n\n<div class=\"wp-block-media-text alignwide has-media-on-the-right is-stacked-on-mobile is-vertically-aligned-center has-contrast-3-background-color has-background\" style=\"grid-template-columns:auto 42%\"><div class=\"wp-block-media-text__content\">\n<div class=\"wp-block-group\" style=\"padding-top:2em;padding-right:2em;padding-bottom:2em;padding-left:2em\"><div class=\"wp-block-group__inner-container is-layout-flow wp-block-group-is-layout-flow\">\n<p style=\"font-size:15px;line-height:1.2\"><em>&#171;Ich bin Roland K\u00fclling und f\u00fcr die Planung sowie Erstellung der Infrastruktur des Freilichtspiels zust\u00e4ndig und bringe mein Fachwissen gerne in diese spannende Aufgabe mit ein. Ich freue mich, gemeinsam mit allen Mitwirkenden, dieses Projekt zu verwirklichen.&#187;<\/em><\/p>\n\n\n\n<p style=\"font-size:15px\"><em>\u2013<strong> <strong>Roland K\u00fclling &#8211; Bau und Infrastruktur<\/strong><\/strong><\/em><\/p>\n<\/div><\/div>\n<\/div><figure class=\"wp-block-media-text__media\"><img loading=\"lazy\" decoding=\"async\" width=\"1024\" height=\"830\" src=\"https:\/\/www.wilchinger-handel.ch\/wp-content\/uploads\/2024\/07\/Roli-Kopie-1024x830.png\" alt=\"\" class=\"wp-image-498 size-full\" srcset=\"https:\/\/www.wilchinger-handel.ch\/wp-content\/uploads\/2024\/07\/Roli-Kopie-1024x830.png 1024w, https:\/\/www.wilchinger-handel.ch\/wp-content\/uploads\/2024\/07\/Roli-Kopie-300x243.png 300w, https:\/\/www.wilchinger-handel.ch\/wp-content\/uploads\/2024\/07\/Roli-Kopie-768x622.png 768w, https:\/\/www.wilchinger-handel.ch\/wp-content\/uploads\/2024\/07\/Roli-Kopie-1536x1245.png 1536w, https:\/\/www.wilchinger-handel.ch\/wp-content\/uploads\/2024\/07\/Roli-Kopie-2048x1660.png 2048w\" sizes=\"auto, (max-width: 1024px) 100vw, 1024px\" \/><\/figure><\/div>\n\n\n\n<div class=\"wp-block-media-text alignwide is-stacked-on-mobile is-vertically-aligned-center has-base-background-color has-background\" style=\"grid-template-columns:41% auto\"><figure class=\"wp-block-media-text__media\"><img loading=\"lazy\" decoding=\"async\" width=\"1024\" height=\"683\" src=\"https:\/\/www.wilchinger-handel.ch\/wp-content\/uploads\/2024\/11\/Walter-1024x683.png\" alt=\"\" class=\"wp-image-882 size-full\" srcset=\"https:\/\/www.wilchinger-handel.ch\/wp-content\/uploads\/2024\/11\/Walter-1024x683.png 1024w, https:\/\/www.wilchinger-handel.ch\/wp-content\/uploads\/2024\/11\/Walter-300x200.png 300w, https:\/\/www.wilchinger-handel.ch\/wp-content\/uploads\/2024\/11\/Walter-768x512.png 768w, https:\/\/www.wilchinger-handel.ch\/wp-content\/uploads\/2024\/11\/Walter-1536x1024.png 1536w, https:\/\/www.wilchinger-handel.ch\/wp-content\/uploads\/2024\/11\/Walter-2048x1365.png 2048w\" sizes=\"auto, (max-width: 1024px) 100vw, 1024px\" \/><\/figure><div class=\"wp-block-media-text__content\">\n<div class=\"wp-block-group\" style=\"padding-top:2em;padding-right:2em;padding-bottom:2em;padding-left:2em\"><div class=\"wp-block-group__inner-container is-layout-flow wp-block-group-is-layout-flow\">\n<p style=\"font-size:15px;line-height:1.2\"><em>&#171;Meine B\u00fchne ist das Gastrozelt. Hier setze ich mich f\u00fcr Sie in Szene!&#187;<\/em><\/p>\n\n\n\n<p style=\"font-size:15px\"><em>\u2013 <strong>Walter Stoll &#8211; Festwirt<\/strong><\/em><\/p>\n<\/div><\/div>\n<\/div><\/div>\n","protected":false},"excerpt":{"rendered":"<p>Der Gedanke, dieses Freilichtspiel aus dem Jahr 2005 nach 20 Jahren wieder aufzuf\u00fchren, spukte schon l\u00e4nger in ein paar K\u00f6pfen herum. Am 19. September 2023 hat sich nun eine Gruppe von sechs Personen \u2013 das OK Wilchinger-Handel \u2013 zusammengesetzt und beschlossen, die Sache an die Hand zu nehmen und die Idee zu verwirklichen!<\/p>\n","protected":false},"author":1,"featured_media":0,"parent":0,"menu_order":0,"comment_status":"closed","ping_status":"closed","template":"","meta":{"footnotes":""},"class_list":["post-56","page","type-page","status-publish"],"jetpack_sharing_enabled":true,"_links":{"self":[{"href":"https:\/\/www.wilchinger-handel.ch\/index.php?rest_route=\/wp\/v2\/pages\/56","targetHints":{"allow":["GET"]}}],"collection":[{"href":"https:\/\/www.wilchinger-handel.ch\/index.php?rest_route=\/wp\/v2\/pages"}],"about":[{"href":"https:\/\/www.wilchinger-handel.ch\/index.php?rest_route=\/wp\/v2\/types\/page"}],"author":[{"embeddable":true,"href":"https:\/\/www.wilchinger-handel.ch\/index.php?rest_route=\/wp\/v2\/users\/1"}],"replies":[{"embeddable":true,"href":"https:\/\/www.wilchinger-handel.ch\/index.php?rest_route=%2Fwp%2Fv2%2Fcomments&post=56"}],"version-history":[{"count":22,"href":"https:\/\/www.wilchinger-handel.ch\/index.php?rest_route=\/wp\/v2\/pages\/56\/revisions"}],"predecessor-version":[{"id":1158,"href":"https:\/\/www.wilchinger-handel.ch\/index.php?rest_route=\/wp\/v2\/pages\/56\/revisions\/1158"}],"wp:attachment":[{"href":"https:\/\/www.wilchinger-handel.ch\/index.php?rest_route=%2Fwp%2Fv2%2Fmedia&parent=56"}],"curies":[{"name":"wp","href":"https:\/\/api.w.org\/{rel}","templated":true}]}}

Über uns

<p style="font-size:15px">Der Gedanke, dieses Freilichtspiel aus dem Jahr 2005 nach 20 Jahren wieder aufzuführen, spukte schon länger in ein paar Köpfen herum. Am 19. September 2023 hat sich nun eine Gruppe von sechs Personen – das OK Wilchinger-Handel – zusammengesetzt und beschlossen, die Sache an die Hand zu nehmen und die Idee zu verwirklichen!</p>



<div class="wp-block-media-text alignwide has-media-on-the-right is-stacked-on-mobile is-vertically-aligned-center has-contrast-3-background-color has-background" style="grid-template-columns:auto 35%"><div class="wp-block-media-text__content">
<div class="wp-block-group" style="padding-top:2em;padding-right:2em;padding-bottom:2em;padding-left:2em"><div class="wp-block-group__inner-container is-layout-flow wp-block-group-is-layout-flow">
<p style="font-size:15px;line-height:1.2"><em>&#171;Mein Name ist Jakob Wanner und ich habe im OK das Präsidium inne. Mir macht Spass, mit so tollen Leuten im OK zusammen zu arbeiten und mit ihnen gemeinsam ein erlebnisreiches Festspiel für das Dorf Wilchingen und die Festspielbesucher zu erarbeiten.&#187;</em></p>



<p style="font-size:15px"><em><strong>– Jakob Wanner &#8211; OK Präsident</strong></em></p>
</div></div>
</div><figure class="wp-block-media-text__media"><img loading="lazy" decoding="async" width="1024" height="980" src="https://www.wilchinger-handel.ch/wp-content/uploads/2024/07/Koebi-Kopie-1024x980.png" alt="" class="wp-image-494 size-full" srcset="https://www.wilchinger-handel.ch/wp-content/uploads/2024/07/Koebi-Kopie-1024x980.png 1024w, https://www.wilchinger-handel.ch/wp-content/uploads/2024/07/Koebi-Kopie-300x287.png 300w, https://www.wilchinger-handel.ch/wp-content/uploads/2024/07/Koebi-Kopie-768x735.png 768w, https://www.wilchinger-handel.ch/wp-content/uploads/2024/07/Koebi-Kopie-1536x1471.png 1536w, https://www.wilchinger-handel.ch/wp-content/uploads/2024/07/Koebi-Kopie-2048x1961.png 2048w" sizes="auto, (max-width: 1024px) 100vw, 1024px" /></figure></div>



<div class="wp-block-media-text alignwide is-stacked-on-mobile is-vertically-aligned-center has-base-background-color has-background" style="grid-template-columns:44% auto"><figure class="wp-block-media-text__media"><img loading="lazy" decoding="async" width="1024" height="812" src="https://www.wilchinger-handel.ch/wp-content/uploads/2024/07/Rosmarie-Kopie-1024x812.png" alt="" class="wp-image-495 size-full" srcset="https://www.wilchinger-handel.ch/wp-content/uploads/2024/07/Rosmarie-Kopie-1024x812.png 1024w, https://www.wilchinger-handel.ch/wp-content/uploads/2024/07/Rosmarie-Kopie-300x238.png 300w, https://www.wilchinger-handel.ch/wp-content/uploads/2024/07/Rosmarie-Kopie-768x609.png 768w, https://www.wilchinger-handel.ch/wp-content/uploads/2024/07/Rosmarie-Kopie-1536x1218.png 1536w, https://www.wilchinger-handel.ch/wp-content/uploads/2024/07/Rosmarie-Kopie-2048x1624.png 2048w" sizes="auto, (max-width: 1024px) 100vw, 1024px" /></figure><div class="wp-block-media-text__content">
<div class="wp-block-group" style="padding-top:2em;padding-right:2em;padding-bottom:2em;padding-left:2em"><div class="wp-block-group__inner-container is-layout-flow wp-block-group-is-layout-flow">
<p class="has-text-align-left" style="font-size:15px;line-height:1.2"><em>&#171;Ich bin Rosmarie Widmer Gysel und im OK zuständig für die Öffentlichkeitsarbeit und das Sponsoring. Das ist genau die gleiche Aufgabe, die ich bereits im damaligen OK Wilchinger Handel 2005 wahrgenommen hatte.<br><br>Das positive Feedback, das wir bis jetzt aus der Bevölkerung und seitens Patronatsgeber erfahren durften, freut mich sehr und motiviert mich ausserordentlich für die kommenden Aufgaben.&#187;</em></p>



<p style="font-size:15px"><em><strong>– Rosmarie Widmer Gysel &#8211; Öffentlichkeitsarbeit &amp; Sponsoring</strong></em></p>
</div></div>
</div></div>



<div class="wp-block-media-text alignwide has-media-on-the-right is-stacked-on-mobile is-vertically-aligned-center has-contrast-3-background-color has-background" style="grid-template-columns:auto 49%"><div class="wp-block-media-text__content">
<div class="wp-block-group" style="padding-top:2em;padding-right:2em;padding-bottom:2em;padding-left:2em"><div class="wp-block-group__inner-container is-layout-flow wp-block-group-is-layout-flow">
<p style="font-size:15px;line-height:1.2"><em>&#171;Mit Kreativität, Freude und Humor werden wir den Wilchinger Handel in Co-Regie zur Bühnenreife führen. Wir freuen uns riesig auf das Freilichtspiel und die spannende und äusserst intensive Zeit mit unseren Darsteller/innen. Das Resultat soll die Besucher/innen aus dem Alltag entführen, berühren und begeistern.&#187;</em></p>



<p style="font-size:15px"><em>–<strong> Edith Schneider &amp; Virginia Stoll &#8211; Regie</strong></em></p>
</div></div>
</div><figure class="wp-block-media-text__media"><img loading="lazy" decoding="async" width="1024" height="693" src="https://www.wilchinger-handel.ch/wp-content/uploads/2024/07/Edith-Gini-Kopie-1024x693.png" alt="" class="wp-image-496 size-full" srcset="https://www.wilchinger-handel.ch/wp-content/uploads/2024/07/Edith-Gini-Kopie-1024x693.png 1024w, https://www.wilchinger-handel.ch/wp-content/uploads/2024/07/Edith-Gini-Kopie-300x203.png 300w, https://www.wilchinger-handel.ch/wp-content/uploads/2024/07/Edith-Gini-Kopie-768x520.png 768w, https://www.wilchinger-handel.ch/wp-content/uploads/2024/07/Edith-Gini-Kopie-1536x1040.png 1536w, https://www.wilchinger-handel.ch/wp-content/uploads/2024/07/Edith-Gini-Kopie-2048x1387.png 2048w" sizes="auto, (max-width: 1024px) 100vw, 1024px" /></figure></div>



<div class="wp-block-media-text alignwide is-stacked-on-mobile is-vertically-aligned-center has-base-background-color has-background" style="grid-template-columns:41% auto"><figure class="wp-block-media-text__media"><img loading="lazy" decoding="async" width="1024" height="859" src="https://www.wilchinger-handel.ch/wp-content/uploads/2024/07/Diana-Kopie-1024x859.png" alt="" class="wp-image-497 size-full" srcset="https://www.wilchinger-handel.ch/wp-content/uploads/2024/07/Diana-Kopie-1024x859.png 1024w, https://www.wilchinger-handel.ch/wp-content/uploads/2024/07/Diana-Kopie-300x252.png 300w, https://www.wilchinger-handel.ch/wp-content/uploads/2024/07/Diana-Kopie-768x644.png 768w, https://www.wilchinger-handel.ch/wp-content/uploads/2024/07/Diana-Kopie-1536x1289.png 1536w, https://www.wilchinger-handel.ch/wp-content/uploads/2024/07/Diana-Kopie-2048x1718.png 2048w" sizes="auto, (max-width: 1024px) 100vw, 1024px" /></figure><div class="wp-block-media-text__content">
<div class="wp-block-group" style="padding-top:2em;padding-right:2em;padding-bottom:2em;padding-left:2em"><div class="wp-block-group__inner-container is-layout-flow wp-block-group-is-layout-flow">
<p style="font-size:15px;line-height:1.2"><em>&#171;Ich bin Diana Häfliger und im OK für die Finanzen zuständig. Als Wilchingerin freut es mich sehr, wenn alte Geschichten wie der Wilchinger Handel in einem Freilichttheater aufgeführt werden. So musste ich nicht lange überlegen im OK mitzuwirken und bin motiviert meine Aufgaben gewissenhaft auszuführen.&#187;</em></p>



<p style="font-size:15px"><em>– <strong>Diana Häfliger &#8211; Finanzen</strong></em></p>
</div></div>
</div></div>



<div class="wp-block-media-text alignwide has-media-on-the-right is-stacked-on-mobile is-vertically-aligned-center has-contrast-3-background-color has-background" style="grid-template-columns:auto 42%"><div class="wp-block-media-text__content">
<div class="wp-block-group" style="padding-top:2em;padding-right:2em;padding-bottom:2em;padding-left:2em"><div class="wp-block-group__inner-container is-layout-flow wp-block-group-is-layout-flow">
<p style="font-size:15px;line-height:1.2"><em>&#171;Ich bin Roland Külling und für die Planung sowie Erstellung der Infrastruktur des Freilichtspiels zuständig und bringe mein Fachwissen gerne in diese spannende Aufgabe mit ein. Ich freue mich, gemeinsam mit allen Mitwirkenden, dieses Projekt zu verwirklichen.&#187;</em></p>



<p style="font-size:15px"><em>–<strong> <strong>Roland Külling &#8211; Bau und Infrastruktur</strong></strong></em></p>
</div></div>
</div><figure class="wp-block-media-text__media"><img loading="lazy" decoding="async" width="1024" height="830" src="https://www.wilchinger-handel.ch/wp-content/uploads/2024/07/Roli-Kopie-1024x830.png" alt="" class="wp-image-498 size-full" srcset="https://www.wilchinger-handel.ch/wp-content/uploads/2024/07/Roli-Kopie-1024x830.png 1024w, https://www.wilchinger-handel.ch/wp-content/uploads/2024/07/Roli-Kopie-300x243.png 300w, https://www.wilchinger-handel.ch/wp-content/uploads/2024/07/Roli-Kopie-768x622.png 768w, https://www.wilchinger-handel.ch/wp-content/uploads/2024/07/Roli-Kopie-1536x1245.png 1536w, https://www.wilchinger-handel.ch/wp-content/uploads/2024/07/Roli-Kopie-2048x1660.png 2048w" sizes="auto, (max-width: 1024px) 100vw, 1024px" /></figure></div>



<div class="wp-block-media-text alignwide is-stacked-on-mobile is-vertically-aligned-center has-base-background-color has-background" style="grid-template-columns:41% auto"><figure class="wp-block-media-text__media"><img loading="lazy" decoding="async" width="1024" height="683" src="https://www.wilchinger-handel.ch/wp-content/uploads/2024/11/Walter-1024x683.png" alt="" class="wp-image-882 size-full" srcset="https://www.wilchinger-handel.ch/wp-content/uploads/2024/11/Walter-1024x683.png 1024w, https://www.wilchinger-handel.ch/wp-content/uploads/2024/11/Walter-300x200.png 300w, https://www.wilchinger-handel.ch/wp-content/uploads/2024/11/Walter-768x512.png 768w, https://www.wilchinger-handel.ch/wp-content/uploads/2024/11/Walter-1536x1024.png 1536w, https://www.wilchinger-handel.ch/wp-content/uploads/2024/11/Walter-2048x1365.png 2048w" sizes="auto, (max-width: 1024px) 100vw, 1024px" /></figure><div class="wp-block-media-text__content">
<div class="wp-block-group" style="padding-top:2em;padding-right:2em;padding-bottom:2em;padding-left:2em"><div class="wp-block-group__inner-container is-layout-flow wp-block-group-is-layout-flow">
<p style="font-size:15px;line-height:1.2"><em>&#171;Meine Bühne ist das Gastrozelt. Hier setze ich mich für Sie in Szene!&#187;</em></p>



<p style="font-size:15px"><em>– <strong>Walter Stoll &#8211; Festwirt</strong></em></p>
</div></div>
</div></div>

<p>Der Gedanke, dieses Freilichtspiel aus dem Jahr 2005 nach 20 Jahren wieder aufzuführen, spukte schon länger in ein paar Köpfen herum. Am 19. September 2023 hat sich nun eine Gruppe von sechs Personen – das OK Wilchinger-Handel – zusammengesetzt und beschlossen, die Sache an die Hand zu nehmen und die Idee zu verwirklichen!</p>
